[INFO] cloning repository https://github.com/NickDriscoll/model_viewer
[INFO] running `Command { std: "git" "-c" "credential.helper=" "-c" "credential.helper=/workspace/cargo-home/bin/git-credential-null" "clone" "--bare" "https://github.com/NickDriscoll/model_viewer" "/workspace/cache/git-repos/https%3A%2F%2Fgithub.com%2FNickDriscoll%2Fmodel_viewer", kill_on_drop: false }`
[INFO] [stderr] Cloning into bare repository '/workspace/cache/git-repos/https%3A%2F%2Fgithub.com%2FNickDriscoll%2Fmodel_viewer'...
[INFO] running `Command { std: "git" "rev-parse" "HEAD", kill_on_drop: false }`
[INFO] [stdout] 93868d41ed842ccf8b708926aeb7d26a5de203af
[INFO] checking NickDriscoll/model_viewer against master#cfbc6d4cf1acbac5c025acf8ed68929caa551df3 for pr-75494-beta
[INFO] running `Command { std: "git" "clone" "/workspace/cache/git-repos/https%3A%2F%2Fgithub.com%2FNickDriscoll%2Fmodel_viewer" "/workspace/builds/worker-6/source", kill_on_drop: false }`
[INFO] [stderr] Cloning into '/workspace/builds/worker-6/source'...
[INFO] [stderr] done.
[INFO] [stderr] Checking out files:  23% (15/65)   
Checking out files:  24% (16/65)   
Checking out files:  26% (17/65)   
Checking out files:  27% (18/65)   
Checking out files:  29% (19/65)   
Checking out files:  30% (20/65)   
Checking out files:  32% (21/65)   
Checking out files:  33% (22/65)   
Checking out files:  35% (23/65)   
Checking out files:  36% (24/65)   
Checking out files:  38% (25/65)   
Checking out files:  40% (26/65)   
Checking out files:  41% (27/65)   
Checking out files:  43% (28/65)   
Checking out files:  44% (29/65)   
Checking out files:  46% (30/65)   
Checking out files:  47% (31/65)   
Checking out files:  49% (32/65)   
Checking out files:  50% (33/65)   
Checking out files:  52% (34/65)   
Checking out files:  53% (35/65)   
Checking out files:  55% (36/65)   
Checking out files:  56% (37/65)   
Checking out files:  58% (38/65)   
Checking out files:  60% (39/65)   
Checking out files:  61% (40/65)   
Checking out files:  63% (41/65)   
Checking out files:  64% (42/65)   
Checking out files:  66% (43/65)   
Checking out files:  67% (44/65)   
Checking out files:  69% (45/65)   
Checking out files:  70% (46/65)   
Checking out files:  72% (47/65)   
Checking out files:  73% (48/65)   
Checking out files:  75% (49/65)   
Checking out files:  76% (50/65)   
Checking out files:  78% (51/65)   
Checking out files:  80% (52/65)   
Checking out files:  81% (53/65)   
Checking out files:  83% (54/65)   
Checking out files:  84% (55/65)   
Checking out files:  86% (56/65)   
Checking out files:  87% (57/65)   
Checking out files:  89% (58/65)   
Checking out files:  90% (59/65)   
Checking out files:  92% (60/65)   
Checking out files:  93% (61/65)   
Checking out files:  95% (62/65)   
Checking out files:  96% (63/65)   
Checking out files:  98% (64/65)   
Checking out files: 100% (65/65)   
Checking out files: 100% (65/65), done.
[INFO] validating manifest of git repo https://github.com/NickDriscoll/model_viewer on toolchain cfbc6d4cf1acbac5c025acf8ed68929caa551df3
[INFO] running `Command { std: "/workspace/cargo-home/bin/cargo" "+cfbc6d4cf1acbac5c025acf8ed68929caa551df3" "read-manifest" "--manifest-path" "Cargo.toml", kill_on_drop: false }`
[INFO] started tweaking git repo https://github.com/NickDriscoll/model_viewer
[INFO] finished tweaking git repo https://github.com/NickDriscoll/model_viewer
[INFO] tweaked toml for git repo https://github.com/NickDriscoll/model_viewer written to /workspace/builds/worker-6/source/Cargo.toml
[INFO] crate git repo https://github.com/NickDriscoll/model_viewer already has a lockfile, it will not be regenerated
[INFO] running `Command { std: "/workspace/cargo-home/bin/cargo" "+cfbc6d4cf1acbac5c025acf8ed68929caa551df3" "fetch" "--locked" "--manifest-path" "Cargo.toml", kill_on_drop: false }`
[INFO] [stderr]  Downloading crates ...
[INFO] [stderr]   Downloaded glfw v0.32.0
[INFO] [stderr]   Downloaded openvr v0.5.2
[INFO] [stderr]   Downloaded openvr_sys v2.0.2
[INFO] running `Command { std: "docker" "create" "-v" "/var/lib/crater-agent-workspace/builds/worker-6/target:/opt/rustwide/target:rw,Z" "-v" "/var/lib/crater-agent-workspace/builds/worker-6/source:/opt/rustwide/workdir:ro,Z" "-v" "/var/lib/crater-agent-workspace/cargo-home:/opt/rustwide/cargo-home:ro,Z" "-v" "/var/lib/crater-agent-workspace/rustup-home:/opt/rustwide/rustup-home:ro,Z" "-e" "SOURCE_DIR=/opt/rustwide/workdir" "-e" "CARGO_TARGET_DIR=/opt/rustwide/target" "-e" "CARGO_HOME=/opt/rustwide/cargo-home" "-e" "RUSTUP_HOME=/opt/rustwide/rustup-home" "-w" "/opt/rustwide/workdir" "-m" "1610612736" "--user" "0:0" "--network" "none" "rustops/crates-build-env@sha256:a636fd89d022f18117e1dc8fb37a0a009933cdbbe082814857f0e2024962d47c" "/opt/rustwide/cargo-home/bin/cargo" "+cfbc6d4cf1acbac5c025acf8ed68929caa551df3" "metadata" "--no-deps" "--format-version=1", kill_on_drop: false }`
[INFO] [stdout] cf0c64565a95b59affb4d8a7064458279577a9de0751ea111b3ae4fc9032e32d
[INFO] [stderr] WARNING: Your kernel does not support swap limit capabilities or the cgroup is not mounted. Memory limited without swap.
[INFO] running `Command { std: "docker" "start" "-a" "cf0c64565a95b59affb4d8a7064458279577a9de0751ea111b3ae4fc9032e32d", kill_on_drop: false }`
[INFO] running `Command { std: "docker" "inspect" "cf0c64565a95b59affb4d8a7064458279577a9de0751ea111b3ae4fc9032e32d", kill_on_drop: false }`
[INFO] running `Command { std: "docker" "rm" "-f" "cf0c64565a95b59affb4d8a7064458279577a9de0751ea111b3ae4fc9032e32d", kill_on_drop: false }`
[INFO] [stdout] cf0c64565a95b59affb4d8a7064458279577a9de0751ea111b3ae4fc9032e32d
[INFO] running `Command { std: "docker" "create" "-v" "/var/lib/crater-agent-workspace/builds/worker-6/target:/opt/rustwide/target:rw,Z" "-v" "/var/lib/crater-agent-workspace/builds/worker-6/source:/opt/rustwide/workdir:ro,Z" "-v" "/var/lib/crater-agent-workspace/cargo-home:/opt/rustwide/cargo-home:ro,Z" "-v" "/var/lib/crater-agent-workspace/rustup-home:/opt/rustwide/rustup-home:ro,Z" "-e" "SOURCE_DIR=/opt/rustwide/workdir" "-e" "CARGO_TARGET_DIR=/opt/rustwide/target" "-e" "CARGO_INCREMENTAL=0" "-e" "RUST_BACKTRACE=full" "-e" "RUSTFLAGS=--cap-lints=forbid" "-e" "CARGO_HOME=/opt/rustwide/cargo-home" "-e" "RUSTUP_HOME=/opt/rustwide/rustup-home" "-w" "/opt/rustwide/workdir" "-m" "1610612736" "--user" "0:0" "--network" "none" "rustops/crates-build-env@sha256:a636fd89d022f18117e1dc8fb37a0a009933cdbbe082814857f0e2024962d47c" "/opt/rustwide/cargo-home/bin/cargo" "+cfbc6d4cf1acbac5c025acf8ed68929caa551df3" "check" "--frozen" "--all" "--all-targets" "--message-format=json", kill_on_drop: false }`
[INFO] [stderr] WARNING: Your kernel does not support swap limit capabilities or the cgroup is not mounted. Memory limited without swap.
[INFO] [stdout] 815e493c749b6e4581364684d8079c35c09bf74919a9605eb239d4525a5f84fc
[INFO] running `Command { std: "docker" "start" "-a" "815e493c749b6e4581364684d8079c35c09bf74919a9605eb239d4525a5f84fc", kill_on_drop: false }`
[INFO] [stderr]    Compiling num-traits v0.2.6
[INFO] [stderr]    Compiling autocfg v0.1.7
[INFO] [stderr]    Compiling semver-parser v0.7.0
[INFO] [stderr]     Checking cfg-if v0.1.7
[INFO] [stderr]    Compiling byteorder v1.3.1
[INFO] [stderr]     Checking lazy_static v1.3.0
[INFO] [stderr]     Checking rand_core v0.4.0
[INFO] [stderr]    Compiling num-integer v0.1.39
[INFO] [stderr]    Compiling arrayvec v0.4.10
[INFO] [stderr]     Checking nodrop v0.1.13
[INFO] [stderr]     Checking adler32 v1.0.3
[INFO] [stderr]    Compiling rayon-core v1.4.1
[INFO] [stderr]    Compiling num-complex v0.2.1
[INFO] [stderr]     Checking memoffset v0.2.1
[INFO] [stderr]     Checking scopeguard v0.3.3
[INFO] [stderr]    Compiling num-iter v0.1.37
[INFO] [stderr]    Compiling proc-macro2 v0.4.29
[INFO] [stderr]    Compiling typenum v1.10.0
[INFO] [stderr]     Checking libm v0.1.2
[INFO] [stderr]    Compiling rayon v1.0.3
[INFO] [stderr]     Checking bitflags v1.0.4
[INFO] [stderr]    Compiling khronos_api v2.2.0
[INFO] [stderr]     Checking lzw v0.10.0
[INFO] [stderr]     Checking either v1.5.2
[INFO] [stderr]     Checking void v1.0.2
[INFO] [stderr]     Checking scopeguard v1.0.0
[INFO] [stderr]    Compiling pkg-config v0.3.14
[INFO] [stderr]    Compiling ryu v1.0.0
[INFO] [stderr]     Checking color_quant v1.0.1
[INFO] [stderr]    Compiling syn v0.15.33
[INFO] [stderr]     Checking rawpointer v0.1.0
[INFO] [stderr]    Compiling num-derive v0.2.5
[INFO] [stderr]     Checking scoped_threadpool v0.1.9
[INFO] [stderr]    Compiling num-rational v0.2.1
[INFO] [stderr]     Checking arrayvec v0.5.1
[INFO] [stderr]     Checking linked-hash-map v0.5.2
[INFO] [stderr]    Compiling gcc v0.3.55
[INFO] [stderr]     Checking xi-unicode v0.2.0
[INFO] [stderr]     Checking smallvec v0.6.9
[INFO] [stderr]     Checking lazy_static v0.2.11
[INFO] [stderr]     Checking hound v3.4.0
[INFO] [stderr]     Checking claxon v0.4.2
[INFO] [stderr]    Compiling cmake v0.1.39
[INFO] [stderr]    Compiling minimp3-sys v0.3.1
[INFO] [stderr]     Checking crossbeam-utils v0.2.2
[INFO] [stderr]     Checking log v0.4.6
[INFO] [stderr]     Checking inflate v0.3.4
[INFO] [stderr]     Checking inflate v0.4.5
[INFO] [stderr]    Compiling semver v0.9.0
[INFO] [stderr]     Checking rand_core v0.3.1
[INFO] [stderr]     Checking rand_jitter v0.1.4
[INFO] [stderr]     Checking unreachable v1.0.0
[INFO] [stderr]    Compiling xml-rs v0.7.0
[INFO] [stderr]     Checking matrixmultiply v0.2.2
[INFO] [stderr]     Checking gif v0.9.2
[INFO] [stderr]     Checking gif v0.10.1
[INFO] [stderr]    Compiling rand_chacha v0.1.1
[INFO] [stderr]    Compiling rand_pcg v0.1.2
[INFO] [stderr]    Compiling rand v0.6.5
[INFO] [stderr]    Compiling crossbeam-utils v0.7.0
[INFO] [stderr]    Compiling crossbeam-epoch v0.8.0
[INFO] [stderr]     Checking rand_hc v0.1.0
[INFO] [stderr]     Checking rand_isaac v0.1.1
[INFO] [stderr]     Checking rand_xorshift v0.1.1
[INFO] [stderr]     Checking rand_os v0.1.3
[INFO] [stderr]     Checking slice-deque v0.2.4
[INFO] [stderr]     Checking raw-window-handle v0.1.2
[INFO] [stderr]    Compiling rustc_version v0.2.3
[INFO] [stderr]    Compiling glfw-sys v3.3.0
[INFO] [stderr]    Compiling openvr_sys v2.0.2
[INFO] [stderr]    Compiling quote v0.6.12
[INFO] [stderr]    Compiling alsa-sys v0.1.2
[INFO] [stderr]    Compiling gl_generator v0.9.0
[INFO] [stderr]     Checking deflate v0.7.19
[INFO] [stderr]     Checking stb_truetype v0.3.1
[INFO] [stderr]     Checking rustc-hash v1.0.1
[INFO] [stderr]     Checking ogg v0.7.0
[INFO] [stderr]     Checking crossbeam-epoch v0.3.1
[INFO] [stderr]    Compiling memoffset v0.5.3
[INFO] [stderr]    Compiling stackvector v1.0.6
[INFO] [stderr]    Compiling lexical-core v0.4.3
[INFO] [stderr]    Compiling lexical v2.2.2
[INFO] [stderr]     Checking approx v0.3.2
[INFO] [stderr]     Checking ordered-float v1.0.2
[INFO] [stderr]     Checking num-traits v0.1.43
[INFO] [stderr]    Compiling nfd v0.0.4
[INFO] [stderr]     Checking minimp3 v0.3.3
[INFO] [stderr]     Checking lewton v0.9.4
[INFO] [stderr]     Checking crossbeam-deque v0.2.0
[INFO] [stderr]     Checking enum_primitive v0.1.1
[INFO] [stderr]     Checking num-rational v0.1.42
[INFO] [stderr]     Checking chrono v0.4.10
[INFO] [stderr]     Checking generic-array v0.12.0
[INFO] [stderr]     Checking png v0.11.0
[INFO] [stderr]     Checking png v0.14.1
[INFO] [stderr]     Checking alga v0.8.2
[INFO] [stderr]     Checking alga v0.9.1
[INFO] [stderr]     Checking cpal v0.8.2
[INFO] [stderr]     Checking crossbeam-deque v0.7.2
[INFO] [stderr]     Checking rusttype v0.8.2
[INFO] [stderr]     Checking twox-hash v1.5.0
[INFO] [stderr]    Compiling gl v0.10.0
[INFO] [stderr]     Checking nalgebra v0.17.3
[INFO] [stderr]     Checking glyph_brush_layout v0.1.8
[INFO] [stderr]     Checking nalgebra v0.18.0
[INFO] [stderr]     Checking glfw v0.32.0
[INFO] [stderr]     Checking glyph_brush v0.6.1
[INFO] [stderr]     Checking wavefront_obj v6.0.0
[INFO] [stderr]     Checking jpeg-decoder v0.1.15
[INFO] [stderr]     Checking image v0.18.0
[INFO] [stderr] error: failed to run custom build command for `openvr_sys v2.0.2`
[INFO] [stderr] 
[INFO] [stderr] Caused by:
[INFO] [stderr]   process didn't exit successfully: `/opt/rustwide/target/debug/build/openvr_sys-0b2151959d212546/build-script-build` (exit code: 101)
[INFO] [stderr]   --- stdout
[INFO] [stderr]   running: "cmake" "/opt/rustwide/cargo-home/registry/src/github.com-1ecc6299db9ec823/openvr_sys-2.0.2/openvr" "-DCMAKE_INSTALL_PREFIX=/opt/rustwide/target/debug/build/openvr_sys-0638f1392ec367de/out" "-DCMAKE_C_FLAGS= -ffunction-sections -fdata-sections -fPIC -m64" "-DCMAKE_C_COMPILER=/usr/bin/cc" "-DCMAKE_CXX_FLAGS= -ffunction-sections -fdata-sections -fPIC -m64" "-DCMAKE_CXX_COMPILER=/usr/bin/c++" "-DCMAKE_BUILD_TYPE=Debug"
[INFO] [stderr]   -- The C compiler identification is GNU 9.3.0
[INFO] [stderr]   -- The CXX compiler identification is GNU 9.3.0
[INFO] [stderr]   -- Check for working C compiler: /usr/bin/cc
[INFO] [stderr]   -- Check for working C compiler: /usr/bin/cc -- works
[INFO] [stderr]   -- Detecting C compiler ABI info
[INFO] [stderr]   -- Detecting C compiler ABI info - done
[INFO] [stderr]   -- Detecting C compile features
[INFO] [stderr]   -- Detecting C compile features - done
[INFO] [stderr]   -- Check for working CXX compiler: /usr/bin/c++
[INFO] [stderr]   -- Check for working CXX compiler: /usr/bin/c++ -- works
[INFO] [stderr]   -- Detecting CXX compiler ABI info
[INFO] [stderr]   -- Detecting CXX compiler ABI info - done
[INFO] [stderr]   -- Detecting CXX compile features
[INFO] [stderr]   -- Detecting CXX compile features - done
[INFO] [stderr]   -- Configuring done
[INFO] [stderr]   -- Generating done
[INFO] [stderr]   -- Build files have been written to: /opt/rustwide/target/debug/build/openvr_sys-0638f1392ec367de/out/build
[INFO] [stderr]   running: "cmake" "--build" "." "--target" "install" "--config" "Debug" "--"
[INFO] [stderr]   Scanning dependencies of target openvr_api
[INFO] [stderr]   [ 10%] Building CXX object src/CMakeFiles/openvr_api.dir/openvr_api_public.cpp.o
[INFO] [stderr]   [ 20%] Building CXX object src/CMakeFiles/openvr_api.dir/jsoncpp.cpp.o
[INFO] [stderr]   [ 30%] Building CXX object src/CMakeFiles/openvr_api.dir/vrcommon/dirtools_public.cpp.o
[INFO] [stderr]   [ 40%] Building CXX object src/CMakeFiles/openvr_api.dir/vrcommon/envvartools_public.cpp.o
[INFO] [stderr]   [ 50%] Building CXX object src/CMakeFiles/openvr_api.dir/vrcommon/pathtools_public.cpp.o
[INFO] [stderr]   [ 60%] Building CXX object src/CMakeFiles/openvr_api.dir/vrcommon/sharedlibtools_public.cpp.o
[INFO] [stderr]   [ 70%] Building CXX object src/CMakeFiles/openvr_api.dir/vrcommon/hmderrors_public.cpp.o
[INFO] [stderr]   [ 80%] Building CXX object src/CMakeFiles/openvr_api.dir/vrcommon/vrpathregistry_public.cpp.o
[INFO] [stderr]   [ 90%] Building CXX object src/CMakeFiles/openvr_api.dir/vrcommon/strtools_public.cpp.o
[INFO] [stderr]   [100%] Linking CXX static library /opt/rustwide/cargo-home/registry/src/github.com-1ecc6299db9ec823/openvr_sys-2.0.2/openvr/bin/linux64/libopenvr_api.a
[INFO] [stderr] 
[INFO] [stderr]   --- stderr
[INFO] [stderr]   /usr/bin/ar: /opt/rustwide/cargo-home/registry/src/github.com-1ecc6299db9ec823/openvr_sys-2.0.2/openvr/bin/linux64/libopenvr_api.a: No such file or directory
[INFO] [stderr]   make[2]: *** [src/CMakeFiles/openvr_api.dir/build.make:205: /opt/rustwide/cargo-home/registry/src/github.com-1ecc6299db9ec823/openvr_sys-2.0.2/openvr/bin/linux64/libopenvr_api.a] Error 1
[INFO] [stderr]   make[1]: *** [CMakeFiles/Makefile2:94: src/CMakeFiles/openvr_api.dir/all] Error 2
[INFO] [stderr]   make: *** [Makefile:130: all] Error 2
[INFO] [stderr]   thread 'main' panicked at '
[INFO] [stderr]   command did not execute successfully, got: exit code: 2
[INFO] [stderr] 
[INFO] [stderr]   build script failed, must exit now', /opt/rustwide/cargo-home/registry/src/github.com-1ecc6299db9ec823/cmake-0.1.39/src/lib.rs:829:5
[INFO] [stderr]   stack backtrace:
[INFO] [stderr]      0:     0x5645a8798f45 - backtrace::backtrace::libunwind::trace::h5e2646fa3eddf2ea
[INFO] [stderr]                                  at /cargo/registry/src/github.com-1ecc6299db9ec823/backtrace-0.3.46/src/backtrace/libunwind.rs:86
[INFO] [stderr]      1:     0x5645a8798f45 - backtrace::backtrace::trace_unsynchronized::hb95dd7f77ce47877
[INFO] [stderr]                                  at /cargo/registry/src/github.com-1ecc6299db9ec823/backtrace-0.3.46/src/backtrace/mod.rs:66
[INFO] [stderr]      2:     0x5645a8798f45 - std::sys_common::backtrace::_print_fmt::h5e71b67af43fd70d
[INFO] [stderr]                                  at src/libstd/sys_common/backtrace.rs:78
[INFO] [stderr]      3:     0x5645a8798f45 - <std::sys_common::backtrace::_print::DisplayBacktrace as core::fmt::Display>::fmt::hdb4a83d2b61107e5
[INFO] [stderr]                                  at src/libstd/sys_common/backtrace.rs:59
[INFO] [stderr]      4:     0x5645a87bd0cc - core::fmt::write::ha20e7262fa3e8a7a
[INFO] [stderr]                                  at src/libcore/fmt/mod.rs:1076
[INFO] [stderr]      5:     0x5645a8795582 - std::io::Write::write_fmt::h1aebfe8a5a79e36d
[INFO] [stderr]                                  at src/libstd/io/mod.rs:1537
[INFO] [stderr]      6:     0x5645a879ba70 - std::sys_common::backtrace::_print::h9c07314cc66ba539
[INFO] [stderr]                                  at src/libstd/sys_common/backtrace.rs:62
[INFO] [stderr]      7:     0x5645a879ba70 - std::sys_common::backtrace::print::hd1fd65f49a2d8544
[INFO] [stderr]                                  at src/libstd/sys_common/backtrace.rs:49
[INFO] [stderr]      8:     0x5645a879ba70 - std::panicking::default_hook::{{closure}}::h222da46485ab36fc
[INFO] [stderr]                                  at src/libstd/panicking.rs:198
[INFO] [stderr]      9:     0x5645a879b7bc - std::panicking::default_hook::hc5868949d129ed00
[INFO] [stderr]                                  at src/libstd/panicking.rs:217
[INFO] [stderr]     10:     0x5645a879c0b3 - std::panicking::rust_panic_with_hook::h26a6ab8b0993c0c8
[INFO] [stderr]                                  at src/libstd/panicking.rs:526
[INFO] [stderr]     11:     0x5645a879bcab - rust_begin_unwind
[INFO] [stderr]                                  at src/libstd/panicking.rs:437
[INFO] [stderr]     12:     0x5645a879bc1b - std::panicking::begin_panic_fmt::h2ff295231415d4a6
[INFO] [stderr]                                  at src/libstd/panicking.rs:391
[INFO] [stderr]     13:     0x5645a873b577 - cmake::fail::h5a20096351b7c3fe
[INFO] [stderr]                                  at /opt/rustwide/cargo-home/registry/src/github.com-1ecc6299db9ec823/cmake-0.1.39/src/lib.rs:829
[INFO] [stderr]     14:     0x5645a873aebe - cmake::run::h097d08b12365d185
[INFO] [stderr]                                  at /opt/rustwide/cargo-home/registry/src/github.com-1ecc6299db9ec823/cmake-0.1.39/src/lib.rs:807
[INFO] [stderr]     15:     0x5645a8737616 - cmake::Config::build::h9ef013b8a3e6899f
[INFO] [stderr]                                  at /opt/rustwide/cargo-home/registry/src/github.com-1ecc6299db9ec823/cmake-0.1.39/src/lib.rs:716
[INFO] [stderr]     16:     0x5645a8733807 - build_script_build::main::h1a72282614a1cadd
[INFO] [stderr]                                  at /opt/rustwide/cargo-home/registry/src/github.com-1ecc6299db9ec823/openvr_sys-2.0.2/build.rs:13
[INFO] [stderr]     17:     0x5645a873377b - std::rt::lang_start::{{closure}}::h53b6352a35972de6
[INFO] [stderr]                                  at /rustc/cfbc6d4cf1acbac5c025acf8ed68929caa551df3/src/libstd/rt.rs:67
[INFO] [stderr]     18:     0x5645a879c483 - std::rt::lang_start_internal::{{closure}}::h84a998219831fa70
[INFO] [stderr]                                  at src/libstd/rt.rs:52
[INFO] [stderr]     19:     0x5645a879c483 - std::panicking::try::do_call::he8e1d689a3e26def
[INFO] [stderr]                                  at src/libstd/panicking.rs:348
[INFO] [stderr]     20:     0x5645a879c483 - std::panicking::try::h264b6eebc2fa7bbf
[INFO] [stderr]                                  at src/libstd/panicking.rs:325
[INFO] [stderr]     21:     0x5645a879c483 - std::panic::catch_unwind::hbf28fafa723b2128
[INFO] [stderr]                                  at src/libstd/panic.rs:394
[INFO] [stderr]     22:     0x5645a879c483 - std::rt::lang_start_internal::he959aa59bc3ec202
[INFO] [stderr]                                  at src/libstd/rt.rs:51
[INFO] [stderr]     23:     0x5645a8733757 - std::rt::lang_start::h60721887f61efaf1
[INFO] [stderr]                                  at /rustc/cfbc6d4cf1acbac5c025acf8ed68929caa551df3/src/libstd/rt.rs:67
[INFO] [stderr]     24:     0x5645a8733a0a - main
[INFO] [stderr]     25:     0x7efe321a30b3 - __libc_start_main
[INFO] [stderr]     26:     0x5645a873319e - _start
[INFO] [stderr]     27:                0x0 - <unknown>
[INFO] [stderr] warning: build failed, waiting for other jobs to finish...
[INFO] [stderr] error: build failed
[INFO] running `Command { std: "docker" "inspect" "815e493c749b6e4581364684d8079c35c09bf74919a9605eb239d4525a5f84fc", kill_on_drop: false }`
[INFO] running `Command { std: "docker" "rm" "-f" "815e493c749b6e4581364684d8079c35c09bf74919a9605eb239d4525a5f84fc", kill_on_drop: false }`
[INFO] [stdout] 815e493c749b6e4581364684d8079c35c09bf74919a9605eb239d4525a5f84fc
